 + (138 - (-155 - -285))?
28
Evaluate (-5 - (-6 - (14 + 14 + -20))) + 9.
18
-2 + (5 + -4 - 19 - (-1 + -9)) + -3
-13
What is the value of -19 - ((-86 - -68) + (0 - 1))?
0
Evaluate 23 + (-29 - (9 - -21)).
-36
-67 - (-30 - 36) - (-1 - 3 - -23)
-20
Evaluate -2 - (16 - (-99 + 102 - (1 + 0 + -2))).
-14
What is (-6 - -2) + (4 - (6 - (18 - 18))) + -8?
-14
What is the value of (-4 - ((-50 - -3) + 6)) + -73?
-36
What is the value of -20 - ((9 - (10 - (2 + -10 - -9))) + 3)?
-23
What is the value of (63 - (51 + 27)) + (3 - (28 - -2))?
-42
Evaluate -6 + 59 + -8 - 1 - (-8 - (-6 + -7)).
39
What is the value of (62 - 99) + 22 + (-2 - (7 + -3 + 0))?
-21
What is the value of -1 + -120 - (-18 - ((-6 - 4) + (-19 - -13)))?
-119
What is 42 + -56 + -25 + 82?
43
Evaluate -8 + 2 + -29 + 2 + (25 - 14) + -10.
-32
What is -5 + -80 - (4 + -20)?
-69
Evaluate -7 + 0 + (17 - 0 - ((10 - 141) + 153)).
-12
(-2 - -15) + (22 - (9 - (-26 - -25)))
25
Calculate 11 + (48 - (-14 - -58)).
15
What is 9 + -35 - (-10 - 4) - 88?
-100
Evaluate (76 + -5 - 104) + -16.
-49
Calculate -27 + 1 - (48 - (2 - -35)).
-37
Evaluate 1 - 31 - (-42 + 61 + -19) - 12.
-42
What is the value of 19 - ((4 - 10) + 26 + -29)?
28
Calculate 56 + -51 + 36 - ((1 - 0) + 4).
36
What is the value of 109 + 3 + (-117 + 116 - (1 - 7) - 12)?
105
Evaluate 29 + -33 - (22 + 25) - -37.
-14
What is the value of 64 + 205 + -134 + -121?
14
What is the value of 47 + -29 + -46 + 91 + -23?
40
What is the value of 21 - ((256 - 276) + -4 + -53)?
98
What is the value of (-70 + -12 + (13 - 3) - (0 + 4)) + 9?
-67
Evaluate 79 - (26 - (-41 - -27) - -10).
29
Evaluate 1084 - 1022 - (2 - -39).
21
What is the value of 120 + 42 + -226 + 64?
0
-52 - (-27 - (17 + -27))
-35
Evaluate 72 - (-17 - (4 - 16) - (10 + -10)).
77
What is -9 + 8 - 5 - 17 - (-124 - -12)?
89
Calculate (-11 - (-7 - 8) - -4) + 1 + -7 + -35.
-33
(24 - (-22 + (20 - -23))) + (2 - 19)
-14
Evaluate -64 - ((32 - 2) + -76).
-18
Evaluate (-61 - 0) + 5830 + -5778 + 1 + -97.
-105
What is (12 - 11) + 11 - (-5 + -34 + 6)?
45
What is the value of (1 - 1) + 100 + -2423 + 2436 + (-1 - 8)?
104
What is 10 + (-7 - (13 + -22 + 20)) - 18?
-26
Calculate (6 - -10) + 9 + (-4 - -2) + 1.
24
What is the value of (1 - 12) + (58 + -19 - (78 - 155))?
105
-13 - 13 - (-202 + 121)
55
Calculate 25 - (-170 + 10 - (-37 + -6)).
142
Calculate (85 - 3) + (1 - -10) + (63 + -30 - 48).
78
7 + (24 - -33) + -42
22
Calculate -7 + (1 - 3) + 13 + -20.
-16
-171 + 79 - -82 - -10
0
Evaluate -143 + (69 - -36) - 68.
-106
What is -211 - -90 - -136 - (-17 - 0)?
32
What is 10 - ((28 + -15 - -31) + (0 - -8))?
-42
-8 - (0 - (3 + 1) - (728 - 725) - -7)
-8
What is -66 + 125 + (-49 - -66)?
76
What is the value of 51 + (-152 - (-82 - -31))?
-50
33 + 1 - (32 + (-33 - 8)) - (4 + 0)
39
0 - -1 - (59 + -12 + (21 - 12))
-55
What is the value of -115 - ((10 - (-32 - -52)) + -21)?
-84
17 + (-2 - 43 - (-83 - -71)) + 18
2
Calculate -92 - -36 - -56 - (5 - 16).
11
What is -10 - (0 + (-24 - -8)) - (-2 + -1 - 29)?
38
102 + (21 - -52 - 298)
-123
What is 8 + (-2 + -65 - (16 - 26 - -17 - 1))?
-65
Evaluate (1 + -2 - -44) + 3676 + -3700.
19
What is the value of -1 + -18 + 17 + -16 - -55?
37
Evaluate -15 - -30 - (-6 + (4 - 0)) - -12.
29
Calculate -13 + (0 - -13) + -23 + -9 + 11.
-21
What is 70 - ((1 - 39 - (95 + -103)) + 20)?
80
Calculate -105 + 44 + 30 - 10.
-41
Calculate 90 - (-2 + 33 - -133).
-74
What is -8 + -1 + -9 + -78 + 1 + -17 + 8?
-104
(-2 - (-4 + (3 - 10))) + (41 - (43 - -49))
-42
24 + 0 + (7 - 32) + -1 + 39
37
What is 4 + (9 - -1 - (-301 - -298 - (30 - 3)))?
44
Evaluate -10 + -2 + 3 + 11 + (-30 + -24 - -15).
-37
(3 + -6 - (-38 - -37)) + 1 + 14
13
What is the value of 34 - 33 - -29 - 65?
-35
Calculate -2 + 8 + (-34 - 1) + (-4 + -1 - -1).
-33
What is the value of 46 + -1 + (212 - 214 - (0 + -1 + -4))?
48
What is 90 - (42 + -49 - (-14 - 1)) - 16?
66
(11 - 10) + -17 + 8 + 12 + -6
-2
What is the value of -15 - (-14 + 33 + -53)?
19
Calculate -47 + (63 - 34 - 23).
-41
What is 3 + -11 + 22 + -10 - -36?
40
What is the value of 1 + 6 + -11 + 2 + (-3 - 79)?
-84
What is 8 + 2 + -21 + (-4 - -11 - 35)?
-39
(-4 - -4 - 3 - 4) + (472 - 475) - -10
0
Evaluate (-91 - -185) + 61 + -163.
-8
What is the value of 16 - -1 - (133 + (-127 - -4))?
7
Calculate 1 - 1 - (-20 + -52 + 19).
53
What is (1 - (-22 - -1)) + ((-9 - -17) + -16 - 1)?
13
Calculate -5 + (-21 - (-29 - -38)).
-35
-52 - -14 - (-158 - -124)
-4
11 + (-20 - 17) - (-22 - -14)
-18
Evaluate 0 + -10 + (-2 + 23 - -10).
21
What is (-1 - (-13 + 0) - (155 - 62)) + -4 - -7?
-78
(129 + -91 - -71) + -96
13
4027 - 4037 - (24 - 1)
-33
-29 + -17 + 39 + -16
-23
Evaluate 36 + -2 + (-548 - -497).
-17
What is the value of 1 - (-10 + (-3 + 3 - 1)) - (-475 - -415)?
72
What is (-88 - (-164 - -79)) + (10 - 1)?
6
What is the value of (453 - 475) + -11 + (2 - -4)?
-27
What is the value of (-11 - (-21 + (-28 - -13))) + 29?
54
Calculate 3 + (51 - -4 - (81 + -69) - (-2 + -5)).
53
Evaluate 28 + -21 + (0 - (-4 + 22)) + 19.
8
What is -7 + 5 + 7 + 7 - (0 + -28)?
40
What is (-104 - -50) + -4 + 87?
29
What is the value of (18 - (-107 + -5)) + (-52 - -31)?
109
Calculate (-33 - (-8 + -23 + 12)) + (-69 - -5).
-78
Evaluate 16 - (28 - 45 - -12).
21
Evaluate (-20 - -72 - 50) + -1 + 35 + 2.
38
What is (-23 + -6 - -60) + (-4 - (-21 - 2))?
50
What is (13 - 17) + (-9 - (8 + (8 - (24 + -2))))?
-7
(1 + -5 - (-27 - (-21 + 21 - 23))) + 46
46
What is (640 - 547) + -72 + -2?
19
What is -5 - 0 - ((18 - -2) + -38)?
13
Evaluate -2 - -25 - (270 + -140 - 140).
33
Evaluate 0 - (4 + 9 + (-32 + 8 - -12) + 3).
-4
Calculate (210 - (217 - 90)) + 9.
92
What is the value of (-104 - -143) + 1 + -3 + 4 - (-4 - -9)?
36
What is (1 - 3) + (-35 - (-219 - -180))?
2
What is the value of (-245 - -258) + 5 + (-7 - -11)?
22
What is -76 + (-6 - ((3 - -13) + (0 - -1))) + 10?
-89
-70 + -44 + 49 + 41
-24
Calculate -11 + (5 - (0 - (-3 + 8 - 1)) - -1).
-1
What is the value of -4 + (2 - 17) - (-4 - 3) - -72?
60
What is the value of (2266 - 2336) + (0 - -70)?
0
Calculate 66 - 21 - (12 - (-15 + 20)).
38
3 + (-5 - (2 + 0 + 1 + 6 + 7))
-18
-7 - (19 + -109) - (79 + -58)
62
3 + 24 + -2 + (-170 - -153)
8
Evaluate 6 + -12 - 0 - (5 + -26 - -6).
9
Calculate (1 - 125) + (-7832 - -7849).
-107
(178 - -12 - 179) + (0 - -2) + -2 + -24
-13
20 + 1 - (54 + 195 + -130)
-98
Evaluate -16 + -27 + 38 + 44.
39
What is 14 - (0 - 0) - (-19030 + 19025)?
19
What is (-40 + -2 - 4) + (-43 - -64) + -11?
-36
72 - ((79 - 77) + -8)
78
What is (-62 - -1) + 36192 + -36092?
39
What is 26 + (16 - (-18 + 18)) + -20?
22
-2 - (6 + 3 + ((-1 - 50) + 5 - -7))
28
Calculate 9 + -10 - -32 - -37.
68
What is 22 - (4 - -40) - -6?
-16
What is (125 - 87) + -38 + 25?
25
(12 - 39 - -17) + (0 + 4 - 1) + -10
-17
Calculate (-42 + 8 - -52) + 47.
65
Evaluate (-48 - (-8 + 29)) + -9 + (-7 - (-6 + 1)).
-80
Evaluate 174 - 199 - (-38 + 1).
12
52 + -50 + -45 - -26
-17
-6 - -1 - (-381 + 412 - (-2 - -9))
-29
What is -52 - (-15 - (-3 - -12))?
-28
What is the value of (1 - -3) + 14 + (18 - 49) - -53?
40
Calculate -84 + (-49 - -130) + -55.
-58
What is the value of -52 + 38 + -6 + -6 + 10 + -22?
-38
Calculate (-24 - ((-2 - 7) + -8 - -4)) + 5.
-6
What is the value of 93 + -40 + 4 + -106?
-49
Calculate (48 - 23) + -17 + (91 - -4) + 3 + -6.
100
What is the value of (26 - (-3 - -6)) + -5 + 22?
40
Evaluate (-20 - (3 + -16 - -27)) + -15.
-49
Evaluate 42 + 4 + 35 + -52.
29
(-28 - -17 - -16) + 15 + -2 + -10
8
What is the value of (-81 - -195) + -255 - -189?
48
What is the value of 32 - ((6 - 36) + 63)?
-1
What is the value of (-3 + -6 - (-55 + 59)) + (22 - 0)?
9
-37 + (-11 - 10 - -24 - -13)
-21
What is 5 - 0 - 4 - -7 - (1 - 1)?
8
-8 + 24 - 37 - -52 - (2 + -20)
49
31 + 5 - (332 + -367)
71
What is 0 + -56 - (52 - (6 + 56 - 17))?
-63
64 + -198 - -100 - 50
-84
Calculate -115 + -32 + (79 - (-50 + 95)).
-113
Evaluate (-9 - 5) + (35 - (32 + 3)).
-14
Evaluate 56 + (-65 - (-16 + -19)).
26
Evaluate 39 - (5 + (79 - 18)).
-27
What is the value of -11 - -159 - (742 - 652)?
58
Evaluate -26 + -7 + 13 + (83 - 52).
11
-40 + (25 - -178) - 92
71
Calculate 94 - ((128 + -139 - (4 - 4)) + 8).
97
What is the value of 4 - -51 - (-20 + 40)?
35
0 + -1 + 17 - (-40 + 42 - (-3 - -9))
20
What is the value of -8 + (62 - (-68 + 199))?
-77
-22 + -22 + 116 + -135
-63
Evaluate -16 - (4 - (63 + -